{"id":79,"date":"2014-04-27T21:58:25","date_gmt":"2014-04-27T20:58:25","guid":{"rendered":"http:\/\/ecole-saintpiex.com\/tremblay-en-france-93290\/?page_id=79"},"modified":"2016-09-21T20:11:35","modified_gmt":"2016-09-21T19:11:35","slug":"sommes","status":"publish","type":"page","link":"https:\/\/ecole-saintpiex.com\/tremblay-en-france-93290\/sommes\/","title":{"rendered":"O\u00f9 sommes-nous ?"},"content":{"rendered":"<p style=\"text-align: justify;\">L&rsquo;\u00e9cole Saint-Pie X est situ\u00e9e en plein c\u0153ur des cottages \u00e0 Tremblay-en-France, \u00e0 proximit\u00e9 des commerces de l&rsquo;avenue Henri Barbusse et \u00e0 quelques m\u00e8tres de l&rsquo;arr\u00eat de bus Jules Ferry de la ligne 619.<\/p>\n<p><iframe loading=\"lazy\" style=\"border: 0;\" src=\"https:\/\/www.google.com\/maps\/embed?pb=!1m18!1m12!1m3!1d10478.982980721!2d2.579142826824837!3d48.95832702418398!2m3!1f0!2f0!3f0!3m2!1i1024!2i768!4f13.1!3m3!1m2!1s0x47e61693d9cc04b5%3A0x55c361acff149908!2s2+Rue+Claude+Debussy%2C+93290+Tremblay-en-France!5e0!3m2!1sfr!2sfr!4v1408952729051\" width=\"600\" height=\"450\" frameborder=\"0\"><\/iframe><\/p>\n","protected":false},"excerpt":{"rendered":"<p>L&rsquo;\u00e9cole Saint-Pie X est situ\u00e9e en plein c\u0153ur des cottages \u00e0 Tremblay-en-France, \u00e0 proximit\u00e9 des commerces de l&rsquo;avenue Henri Barbusse et \u00e0 quelques m\u00e8tres de l&rsquo;arr\u00eat de bus Jules Ferry [&hellip;]<\/p>\n","protected":false},"author":1,"featured_media":0,"parent":0,"menu_order":0,"comment_status":"closed","ping_status":"closed","template":"","meta":{"ngg_post_thumbnail":0,"footnotes":""},"_links":{"self":[{"href":"https:\/\/ecole-saintpiex.com\/tremblay-en-france-93290\/wp-json\/wp\/v2\/pages\/79"}],"collection":[{"href":"https:\/\/ecole-saintpiex.com\/tremblay-en-france-93290\/wp-json\/wp\/v2\/pages"}],"about":[{"href":"https:\/\/ecole-saintpiex.com\/tremblay-en-france-93290\/wp-json\/wp\/v2\/types\/page"}],"author":[{"embeddable":true,"href":"https:\/\/ecole-saintpiex.com\/tremblay-en-france-93290\/wp-json\/wp\/v2\/users\/1"}],"replies":[{"embeddable":true,"href":"https:\/\/ecole-saintpiex.com\/tremblay-en-france-93290\/wp-json\/wp\/v2\/comments?post=79"}],"version-history":[{"count":5,"href":"https:\/\/ecole-saintpiex.com\/tremblay-en-france-93290\/wp-json\/wp\/v2\/pages\/79\/revisions"}],"predecessor-version":[{"id":1136,"href":"https:\/\/ecole-saintpiex.com\/tremblay-en-france-93290\/wp-json\/wp\/v2\/pages\/79\/revisions\/1136"}],"wp:attachment":[{"href":"https:\/\/ecole-saintpiex.com\/tremblay-en-france-93290\/wp-json\/wp\/v2\/media?parent=79"}],"curies":[{"name":"wp","href":"https:\/\/api.w.org\/{rel}","templated":true}]}}