{"id":73,"date":"2014-04-27T21:57:48","date_gmt":"2014-04-27T20:57:48","guid":{"rendered":"http:\/\/ecole-saintpiex.com\/tremblay-en-france-93290\/?page_id=73"},"modified":"2016-10-17T19:01:02","modified_gmt":"2016-10-17T18:01:02","slug":"lapel","status":"publish","type":"page","link":"https:\/\/ecole-saintpiex.com\/tremblay-en-france-93290\/lapel\/","title":{"rendered":"L\u2019APEL"},"content":{"rendered":"<p><a href=\"http:\/\/ecole-saintpiex.com\/tremblay-en-france-93290\/wp-content\/uploads\/2014\/04\/Logo-APEL.jpg\"><img loading=\"lazy\" decoding=\"async\" class=\"size-medium wp-image-1179 aligncenter\" src=\"http:\/\/ecole-saintpiex.com\/tremblay-en-france-93290\/wp-content\/uploads\/2014\/04\/Logo-APEL-300x223.jpg\" alt=\"logo-apel\" width=\"300\" height=\"223\" srcset=\"https:\/\/ecole-saintpiex.com\/tremblay-en-france-93290\/wp-content\/uploads\/2014\/04\/Logo-APEL-300x223.jpg 300w, https:\/\/ecole-saintpiex.com\/tremblay-en-france-93290\/wp-content\/uploads\/2014\/04\/Logo-APEL-768x571.jpg 768w, https:\/\/ecole-saintpiex.com\/tremblay-en-france-93290\/wp-content\/uploads\/2014\/04\/Logo-APEL-1024x761.jpg 1024w, https:\/\/ecole-saintpiex.com\/tremblay-en-france-93290\/wp-content\/uploads\/2014\/04\/Logo-APEL.jpg 1500w\" sizes=\"(max-width: 300px) 100vw, 300px\" \/><\/a><\/p>\n<p style=\"text-align: justify;\">L\u2019Association des Parents d\u2019\u00e9l\u00e8ves de l&rsquo;Enseignement Libre de l\u2019\u00e9cole Saint-Pie X s\u2019est investie \u00e9norm\u00e9ment et avec beaucoup d\u2019enthousiasme dans ses activit\u00e9s. Elle permet de faire vivre notre \u00e9cole dans les nombreuses manifestations qu\u2019elle propose (quiz musical, march\u00e9 de No\u00ebl, galette des rois, loto, \u2026) et qu\u2019elle soutient (f\u00eate de l\u2019\u00e9cole).<\/p>\n<p style=\"text-align: justify;\">Tr\u00e8s active et dans le cadre d\u2019une vraie coh\u00e9sion de groupe, l\u2019APEL est un \u00e9l\u00e9ment essentiel de l\u2019animation de notre \u00e9cole. C\u2019est la raison pour laquelle nous vous invitons \u00e0 ne pas h\u00e9siter \u00e0 vous adresser aux membres du conseil d&rsquo;administration de cette association si vous souhaitez y participer vous-m\u00eame.<\/p>\n","protected":false},"excerpt":{"rendered":"<p>L\u2019Association des Parents d\u2019\u00e9l\u00e8ves de l&rsquo;Enseignement Libre de l\u2019\u00e9cole Saint-Pie X s\u2019est investie \u00e9norm\u00e9ment et avec beaucoup d\u2019enthousiasme dans ses activit\u00e9s. Elle permet de faire vivre notre \u00e9cole dans les [&hellip;]<\/p>\n","protected":false},"author":1,"featured_media":0,"parent":0,"menu_order":0,"comment_status":"closed","ping_status":"closed","template":"","meta":{"ngg_post_thumbnail":0,"footnotes":""},"_links":{"self":[{"href":"https:\/\/ecole-saintpiex.com\/tremblay-en-france-93290\/wp-json\/wp\/v2\/pages\/73"}],"collection":[{"href":"https:\/\/ecole-saintpiex.com\/tremblay-en-france-93290\/wp-json\/wp\/v2\/pages"}],"about":[{"href":"https:\/\/ecole-saintpiex.com\/tremblay-en-france-93290\/wp-json\/wp\/v2\/types\/page"}],"author":[{"embeddable":true,"href":"https:\/\/ecole-saintpiex.com\/tremblay-en-france-93290\/wp-json\/wp\/v2\/users\/1"}],"replies":[{"embeddable":true,"href":"https:\/\/ecole-saintpiex.com\/tremblay-en-france-93290\/wp-json\/wp\/v2\/comments?post=73"}],"version-history":[{"count":6,"href":"https:\/\/ecole-saintpiex.com\/tremblay-en-france-93290\/wp-json\/wp\/v2\/pages\/73\/revisions"}],"predecessor-version":[{"id":1180,"href":"https:\/\/ecole-saintpiex.com\/tremblay-en-france-93290\/wp-json\/wp\/v2\/pages\/73\/revisions\/1180"}],"wp:attachment":[{"href":"https:\/\/ecole-saintpiex.com\/tremblay-en-france-93290\/wp-json\/wp\/v2\/media?parent=73"}],"curies":[{"name":"wp","href":"https:\/\/api.w.org\/{rel}","templated":true}]}}